factors of 1349854454?
2, 13, 51917479
What are the prime factors of 158008028?
2, 19, 2079053
What are the prime factors of 2089423402?
2, 11, 8633981
What are the prime factors of 1699558?
2, 7, 17, 37, 193
What are the prime factors of 65965015?
5, 17, 776059
What are the prime factors of 1030601392?
2, 2729, 23603
What are the prime factors of 358803239?
19, 463, 40787
List the prime factors of 166821467.
43, 3879569
List the prime factors of 1174587141.
3, 7, 13, 4302517
What are the prime factors of 753321031?
83, 151, 60107
List the prime factors of 248934196.
2, 7, 17, 30763
What are the prime factors of 423379214?
2, 31, 2341, 2917
What are the prime factors of 324149794?
2, 162074897
What are the prime factors of 201061126?
2, 7, 73, 113, 1741
List the prime factors of 2417698581.
3, 5119, 157433
What are the prime factors of 368562932?
2, 92140733
List the prime factors of 11831161.
3253, 3637
List the prime factors of 193184491.
227, 851033
What are the prime factors of 72202118?
2, 1657, 21787
What are the prime factors of 62065977?
3, 20688659
What are the prime factors of 991434135?
3, 5, 17, 569, 6833
What are the prime factors of 26886306?
2, 3, 29, 191, 809
List the prime factors of 1729015207.
1729015207
List the prime factors of 1217027156.
2, 5521, 55109
What are the prime factors of 233035705?
5, 7, 43, 154841
List the prime factors of 621686105.
5, 124337221
List the prime factors of 44741127.
3, 17, 41, 21397
What are the prime factors of 181438452?
2, 3, 13, 59, 6571
What are the prime factors of 30381351?
3, 7, 11, 13, 67, 151
List the prime factors of 222803703.
3, 2750663
What are the prime factors of 496224961?
496224961
List the prime factors of 184256718.
2, 3, 19, 467, 3461
List the prime factors of 1272030201.
3, 13, 10872053
What are the prime factors of 2947343238?
2, 3, 7, 43, 77713
What are the prime factors of 2099514128?
2, 593, 221281
What are the prime factors of 46253597?
13, 523, 6803
List the prime factors of 119853245.
5, 83, 288803
What are the prime factors of 4404528312?
2, 3, 107, 271, 6329
What are the prime factors of 708654032?
2, 5231, 8467
List the prime factors of 2813682060.
2, 3, 5, 7, 2233081
List the prime factors of 18888660.
2, 3, 5, 7, 19, 263
List the prime factors of 3190339305.
3, 5, 19, 21821
List the prime factors of 40007686.
2, 53, 571, 661
List the prime factors of 54883010.
2, 5, 7, 13, 41, 1471
List the prime factors of 319223211.
3, 151, 704687
List the prime factors of 1339399038.
2, 3, 37, 6033329
List the prime factors of 323246641.
31, 10427311
What are the prime factors of 309157163?
7, 37, 32261
List the prime factors of 393013213.
23, 1213, 14087
List the prime factors of 51880988.
2, 61, 212627
What are the prime factors of 70836354?
2, 3, 107, 36779
What are the prime factors of 696975140?
2, 5, 1931, 18047
What are the prime factors of 999829173?
3, 7, 6801559
What are the prime factors of 2761620046?
2, 17, 43, 1888933
List the prime factors of 2214524.
2, 13, 37, 1151
What are the prime factors of 324111799?
11, 79, 372971
List the prime factors of 45133261.
103, 157, 2791
What are the prime factors of 1170418982?
2, 585209491
What are the prime factors of 90853556?
2, 22713389
List the prime factors of 2364799233.
3, 43, 18331777
List the prime factors of 1488069261.
3, 7, 1741, 13567
What are the prime factors of 454514954?
2, 227257477
List the prime factors of 44323564.
2, 2309, 4799
List the prime factors of 59034031.
7, 23, 61, 6011
What are the prime factors of 2470841056?
2, 23, 37, 41, 2213
List the prime factors of 2845720738.
2, 7, 13147, 15461
What are the prime factors of 804220202?
2, 8287, 48523
What are the prime factors of 2503538905?
5, 7, 43, 1663481
List the prime factors of 1774848409.
4943, 359063
List the prime factors of 335281988.
2, 31, 2703887
What are the prime factors of 4183846050?
2, 3, 5, 23, 1212709
List the prime factors of 63506578.
2, 29, 37, 101, 293
What are the prime factors of 91139055?
3, 5, 7, 867991
What are the prime factors of 51636468?
2, 3, 13, 191, 1733
List the prime factors of 404031325.
5, 16161253
List the prime factors of 36278260.
2, 5, 1813913
What are the prime factors of 135600945?
3, 5, 9040063
What are the prime factors of 194644719?
3, 47, 421, 1093
List the prime factors of 65148586.
2, 32574293
What are the prime factors of 277114653?
3, 389, 79153
List the prime factors of 189374686.
2, 23, 2029
List the prime factors of 3208504733.
7, 41, 11179459
What are the prime factors of 61857924?
2, 3, 5154827
What are the prime factors of 50948284?
2, 12737071
What are the prime factors of 44038732?
2, 19, 37, 15661
List the prime factors of 1838724651.
3, 68100913
List the prime factors of 224504154.
2, 3, 7, 1781779
List the prime factors of 90302206.
2, 45151103
List the prime factors of 389024700.
2, 3, 5, 1296749
What are the prime factors of 379816926?
2, 3, 63302821
What are the prime factors of 1090651?
107, 10193
List the prime factors of 293534937.
3, 17, 1918529
What are the prime factors of 267266426?
2, 7, 19, 1004761
What are the prime factors of 4882434439?
10859, 449621
What are the prime factors of 161187301?
11, 14653391
List the prime factors of 192520545.
3, 5, 7, 1833529
What are the prime factors of 710028488?
2, 13, 41, 12809
What are the prime factors of 50815212?
2, 3, 7, 67, 9029
What are the prime factors of 48191808?
2, 3, 7, 23, 1559
List the prime factors of 667892356.
2, 1213, 137653
What are the prime factors of 13642911?
3, 43, 3917
List the prime factors of 34592627.
34592627
List the prime factors of 1530797583.
3, 7, 2239, 4651
List the prime factors of 29089715.
5, 43, 135301
List the prime factors of 29551751.
29551751
List the prime factors of 1133219991.
3, 14891, 25367
List the prime factors of 328282402.
2, 7, 113, 207511
What are the prime factors of 57592198?
2, 97, 283, 1049
List the prime factors of 676064551.
17, 311, 127873
What are the prime factors of 120096864?
2, 3, 97, 1433
List the prime factors of 156786185.
5, 1567, 20011
List the prime factors of 7842593220.
2, 3, 5, 7, 11, 154321
What are the prime factors of 213349626?
2, 3, 7, 17, 31
List the prime factors of 321843474.
2, 3, 3851, 4643
What are the prime factors of 1186103160?
2, 3, 5, 11, 299521
What are the prime factors of 156026035?
5, 11, 151, 18787
List the prime factors of 40093720.
2, 5, 1002343
What are the prime factors of 937728258?
2, 3, 53, 1109, 2659
What are the prime factors of 92527684?
2, 31, 746191
List the prime factors of 4291195863.
3, 31, 46141891
List the prime factors of 519038219.
7, 19, 205397
What are the prime factors of 44726026?
2, 22363013
What are the prime factors of 1310673302?
2, 47, 199, 70067
List the prime factors of 36600258.
2, 3, 6100043
What are the prime factors of 5921846412?
2, 3, 493487201
What are the prime factors of 377351492?
2, 7, 59, 228421
List the prime factors of 5799594923.
23, 252156301
List the prime factors of 302464593.
3, 163, 206179
What are the prime factors of 2701085064?
2, 3, 112545211
What are the prime factors of 7050192126?
2, 3, 1175032021
What are the prime factors of 122537355?
3, 5, 8169157
List the prime factors of 80326579.
80326579
List the prime factors of 79366704.
2, 3, 1653473
List the prime factors of 288950431.
7, 11, 67, 56009
List the prime factors of 1159222174.
2, 11, 1109, 47513
What are the prime factors of 523306052?
2, 1451, 90163
List the prime factors of 136364358.
2, 3, 13, 1748261
What are the prime factors of 3172321305?
3, 5, 421, 167449
List the prime factors of 49678161.
3, 13, 37, 173, 199
List the prime factors of 113946530.
2, 5, 11394653
What are the prime factors of 7332060?
2, 3, 5, 122201
List the prime factors of 148088750.
2, 5, 118471
What are the prime factors of 59385718?
2, 7, 67, 63311
List the prime factors of 218974098.
2, 3, 7, 131, 39799
List the prime factors of 1656435259.
7207, 229837
List the prime factors of 3837869096.
2, 479733637
List the prime factors of 60601328.
2, 17, 222799
What are the prime factors of 1444130662?
2, 13, 43, 199, 6491
List the prime factors of 5074873963.
103, 49270621
List the prime factors of 68312454.
2, 3, 7, 1626487
What are the prime factor